 14. Let a(x) be the second derivative of 2*x**3/3 + x**2 + 23198*x. Give a(u).
18
Let l(b) = b + 5. Let p be l(2). Let d(n) be the second derivative of -n**3/6 + 3*n**2 + 178*n. Give d(p).
-1
Let s(g) = 9*g - 1. Let d be (-4672)/(-448) + (-6)/14. Let c(j) = -j**2 + 11*j - 12. Let x be c(d). What is s(x)?
-19
Let t be 27/4*136/51. Suppose v - 1 = -z, -44 + t = -2*v + 4*z. Let i(q) = -6 + 20*q**2 - 21*q**2 - 1 - 3*q - v*q. What is i(-7)?
0
Suppose 2*v = -2*v - 56. Let b(c) = c**3 + 14*c**2 - 4*c + 4. Let d be b(v). Suppose -d = -10*w - 0*w. Let f(t) = t**2 - 8*t + 7. Determine f(w).
-5
Let c(j) = 22*j**2 - 2*j - 11. Let o(p) = -7*p**2 + p + 4. Let w(d) = 3*c(d) + 8*o(d). Suppose -22 = -r - r. Let l = 12 - r. What is w(l)?
11
Suppose -6*g = -81 - 411. Let m = -82 + g. Let f(r) = -2*r**2 - r + 6. What is f(m)?
6
Let x = -3258 - -3257. Let w(d) be the third derivative of d**6/120 - d**5/120 + d**3/3 - 3*d**2. Let j(l) be the first derivative of w(l). Give j(x).
4
Let v(l) = l**2 - 2*l + 2. Let w(d) = -11*d**3 - 16*d - 6 - 9*d**3 + 5*d**2 - 4 + 21*d**3. Let u be w(-7). Let k be ((-6)/(-9))/(u/18). Give v(k).
5
Let x = 5 - 8. Let u(n) = 12*n**3 + 4*n**2 + 7*n + 38. Let d(m) = -17*m**3 - 6*m**2 - 10*m - 54. Let r(i) = -5*d(i) - 7*u(i). What is r(x)?
-8
Let c = -9580 + 9579. Let h(r) = -60*r**2 + r. Give h(c).
-61
Let l = -768 + 760. Let t(x) = 15*x - 82*x**3 + 6 + 83*x**3 + 18*x**2 - 8*x**2. Give t(l).
14
Let l(m) = 52*m - 173*m + 2 + 64*m + 56*m - 3*m**2. Give l(-3).
-22
Let j(v) = 737*v + 1 - 739*v + 6. Suppose 11 = -2*c + 5*k, 5*c - 6*c - 10 = -4*k. Suppose -3*p - q = -23, 0 = -2*p + c*q + 4 + 6. Give j(p).
-7
Let z(p) = -p**2 + 6*p - 10. Let i be z(4). Let l(r) = 5*r - 1. Let k(a) = -5*a + 3. Let u(v) = -2*k(v) - 3*l(v). Give u(i).
7
Let t(a) be the first derivative of -a**5/20 + 5*a**4/12 - a**3/3 + 5*a**2/2 - 49*a + 69. Let d(p) be the first derivative of t(p). Let f = -8 - -12. Give d(f).
13
Let z(k) = -60*k**2. Let c(t) = -241*t**2 - 7*t + 5. Let h(s) = c(s) - 4*z(s). What is h(-4)?
17
Let p(a) = 32*a**2 + 54*a + 336. Let d(b) = -19*b**2 - 27*b - 168. Let t(h) = -5*d(h) - 3*p(h). What is t(-9)?
-6
Let w(g) = 1036*g - 6 + 5*g**2 - 345*g - 346*g + 3 + g**3 - 350*g. What is w(-3)?
30
Let z be (-55)/4 - 66/(-88). Let s(q) = -q**2 - 12*q - 27. Let l be s(z). Let a = -41 - l. Let j(g) = -7*g**2 + g. What is j(a)?
-8
Suppose 5*l + 1 - 8 = -2*h, -5*h + 8 = 3*l. Suppose l + 5 = -c - g, -3*c = g + 22. Let s(k) = -k + 7. Give s(c).
15
Let u(b) = -b. Suppose -4*x = 2*w - 194, 99 = 2*x + w + 2*w. Let k be (6/(-27) - x/27) + -2. Let y(i) = -i + 4. Let v be y(k). What is u(v)?
-8
Let h(u) be the first derivative of -u**4/4 - 7*u**3/3 - 3*u**2 + u - 1031. What is h(-5)?
-19
Let a(s) = 7*s - 5*s - 2 - 12*s - 2 - s**2. Let t be a(-11). Let z(o) = o**2 + 16*o + 18. Calculate z(t).
3
Let c(p) = -3*p**3 - 13*p**2 - 9*p + 22. Let s(f) = 4*f**2 + 8*f**2 + 4*f + f**3 + 0*f**3 - 6*f**2 - 10 + 0*f**3. Let z(a) = 2*c(a) + 5*s(a). Determine z(5).
-21
Let y = 4 - 2. Let c(l) = -l + y + 3*l**2 + l + l**3. Let k(r) = -r**3 + 51*r**2 - 10*r + 507. Let p be k(51). Give c(p).
2
Let l(b) be the third derivative of -b**6/40 - b**5/30 - b**4/8 - 48*b**2. What is l(-3)?
72
Let h be (3/2)/(11 + (-4655)/418). Let p(s) = -s**2 - 11*s + 7. What is p(h)?
7
Let m(a) = -a - 2. Let v be m(0). Let l(z) be the second derivative of -1/12*z**4 + z + 1/3*z**3 - 12 + 3/2*z**2. What is l(v)?
-5
Let h(s) = 3*s**2 - 17*s + 21. Let a(d) = 37*d**2 - 217*d + 253. Let r(x) = -2*a(x) + 25*h(x). Determine r(-11).
41
Let d(o) = 4*o**2 + 4 - 4*o - 2213*o**3 + 2214*o**3 + 0*o. Let c(f) = f**3 + f**2 + f - 5. Let x be c(0). What is d(x)?
-1
Let v = -69393 + 69394. Let l(b) = -52*b - 17. Let d(f) = 13*f + 4. Let k(h) = -9*d(h) - 2*l(h). Give k(v).
-15
Suppose 32*o - 2280 = 12*o - 132*o. Let q(r) = -6*r + 52. Calculate q(o).
-38
Let a = -1817 - -1812. Let r(x) = x**3 + 3*x**2 - 2*x + 7. What is r(a)?
-33
Let b be (-16)/(-40) + 176/10. Let p = 25 - b. Let g(d) = p + 5 - d - d. What is g(8)?
-4
Let w(m) = -m**3 + 3*m**2 + 2*m - 1. Let i = 65 - 54. Suppose -6*g - 90 = -i*g. Suppose -7*c + 3 = -g. Calculate w(c).
5
Let l(v) = 94*v**2 - 22*v + 91. Let y(r) = -157*r**2 + 44*r - 180. Let t(z) = 5*l(z) + 3*y(z). Determine t(6).
11
Suppose 3*n + 33 = 5*d, 1166*d - 1168*d = 5*n + 24. Let g(z) = -z**2 - 2*z - 24. Give g(n).
-48
Suppose -p = -v, 8*p + 2*v = 4*p. Let n(i) = -6*i + p*i - 1 - 5*i + 17*i. What is n(-1)?
-7
Suppose 5*r + 3*w = -2*w - 15, -3*r + 2*w = -16. Let y(l) = 63*l + 95. Let h(p) = 82*p + 122. Let b(f) = 7*h(f) - 9*y(f). Calculate b(r).
13
Let c(p) = p**3 - 6*p**2 - 6*p + 1. Suppose 11180*w = -v + 11184*w - 7, 4*v - 4*w = 8. Determine c(v).
-54
Let b = 25 - 10. Suppose 3*q = -3*h + b, 3*q + 2*h = 4*h. Suppose -q*x - d + 3 = x, x + 13 = -5*d. Let k(v) = 2*v**3 - v**2 - 2*v - 1. Determine k(x).
7
Let s = -1 - 6. Let g(f) = 10 + 7*f**2 - 64978*f**3 + 64979*f**3 - 9 + 3 + f. What is g(s)?
-3
Let u(a) = -26*a**2 - 11*a + 8*a**2 + 4*a + 3 + 4*a**2 + 15*a**2. What is u(6)?
-3
Let i(n) = n**2 - 7848*n + 9 - 64 + 3927*n + 3928*n. What is i(-10)?
-25
Let z(h) = -3*h - 1 + 0 + h**2 - 2*h**2 + 3. Let i be (-18)/4*((-140)/(-15))/(-7). Suppose -q + 3*u = 3*q - 21, -q - 3*u - i = 0. Determine z(q).
-16
Let c(l) = -3*l + 7. Let w be (8/(-6) - -1) + (-13 - 299/(-69)). Calculate c(w).
34
Let c(u) = u**2 + 8*u + 10. Let m be c(-7). Let t = -516 - -520. Let a(j) = -j + m*j + t - 11. What is a(6)?
5
Let l(v) = -v**2 + 5*v + 6*v**2 + 5 + 2*v**3 - v**3. Let x = 135 - 126. Suppose -5*n - x = 4*d, -6*n = -n + 2*d + 17. Give l(n).
-20
Let n be 10/14*-1*7/(-1). Let a = 6 - 4. Suppose 0 = n*b - a*b - 6. Let r(d) = -d**3 + 3*d**2 + 2*d - 2. Determine r(b).
6
Let t(d) be the second derivative of -d**4/12 + 5*d**3/2 - 3*d**2 - 725*d. Give t(5).
44
Let u(m) = 19*m**3 + 8*m**2 - 17*m + 21. Let y(d) = -60*d**3 - 26*d**2 + 52*d - 65. Let q(r) = -19*u(r) - 6*y(r). Give q(7).
-79
Let p be (-38)/19*45/(-2). Let n = -49 + p. Let y(s) = -s**2 - 5 - 4*s - 3*s + 0*s. What is y(n)?
7
Let l(y) = y**3 + 5*y**2 + y - 2. Let x be l(-5). Let p(q) be the third derivative of 0*q - 1/120*q**6 + 1/3*q**4 + 0*q**3 + 6*q**2 - 1/10*q**5 + 10. Give p(x).
-7
Let u(c) = 12*c**2 + 10*c - 53. Let l(a) = 5*a**2 + 6*a - 27. Let m(n) = 5*l(n) - 2*u(n). Determine m(7).
90
Let r(z) = -z**2 + 35*z - 146. Let i(x) = -495*x - 2965. Let f be i(-6). Give r(f).
4
Let a(y) = -y + 6. Let s be (15/9)/(-5) - 104/3. Let m = s + 40. Calculate a(m).
1
Let b(f) = -2*f**3 - 4*f**2 + 3*f + 21. Let y be b(-4). Suppose -6*g = 29 + y. Let n = g - -22. Let v(z) = 2*z. Determine v(n).
10
Let s(q) = 17*q - 28. Let z(m) = -19*m + 29. Let v(p) = 10*s(p) + 9*z(p). Calculate v(-25).
6
Let d be (-42)/12*(-12)/21. Suppose 4*m - 6 = d*m. Suppose -m*i - 10 - 8 = 0. Let r(p) = -p**2 - 6*p - 8. Give r(i).
-8
Let t(m) be the first derivative of -m**3/3 + 5*m**2/2 + 2*m - 1. Suppose 7*u + 1047 = -717. Let n = 256 + u. Calculate t(n).
6
Suppose -4 = -4*u + 3*u, -4*n - 2*u = 0. Let v(m) = 28*m + 53. Let o be v(n). Let x(q) = -3*q + 3*q + q. Calculate x(o).
-3
Let o(y) = y**3 + 8*y**2 + y - 36. Suppose -u - 4*x = 7, 41 = -5*u - x + 6. What is o(u)?
6
Let u be 4/14 - (-17 - (-3952)/112). Let s(i) = -i**3 - 18*i**2 + i + 8. Give s(u).
-10
Let y(c) = 10*c + 1. Let x(q) = 22*q + 3. Let z(r) = 4*x(r) - 9*y(r). Let s be 7 + (-3 - -1)/(-4 + 6). Calculate z(s).
-9
Suppose -4*p = a - 28, -2*p - p + a = -21. Suppose -12 + p = -5*t. Let f(h) = 34*h + 13. Let r(l) = 16*l + 5. Let u(s) = -2*f(s) + 5*r(s). Determine u(t).
11
Let p be 76/(-12) + (-2)/3. Let l(r) = 3*r + 125. Let x(z) = -2*z - 88. Let m(v) = 5*l(v) + 7*x(v). Give m(p).
2
Let a(i) = i**2 + 8*i - 5. Let v be 267/(-24) + 2/16. Let j be (0 + -1)*(v - -1). Suppose 0 = c + r - 5*r - j, -2*c - 3*r = 24. Calculate a(c).
-17
Let l(m) = -m**2 + 10*m - 5. Suppose 76 = -6*t + 14*t - 5*a, 40 = 4*t - 3*a. Suppose 67 - 7 = 4*h. Suppose t - h = -v. Calculate l(v).
11
Let b(w) = 17*w - 10. Let z(g) = -4*g. Let v(f) = -b(f) - 2*z(f). Calculate v(6).
-44
Let z be 4 - 6/(-24) - 1/4. Suppose -3*o - 8 = -m, 0 = -z*m - 3*o + 2. Let j = 8 - m. Let w(s) = s**2 - 7*s - 4. Determine w(j).
-10
Let l(c) = -c + 3*c - 30 - 10*c. Let y be l(-5). Let z(s) = -5 - 5*s + y + 4*s. D